+ 261732 = 3*x + 11*z, 0 = 4*z - 12. Is x prime?
False
Let f be 3/2*2168/(-3). Let p = f + 1577. Is p a composite number?
True
Let l(j) = 25*j**2 + 3*j - 11. Let g(s) = -s**3 + 6*s**2 + 3*s - 13. Let c be g(7). Let m = 47 + c. Is l(m) a composite number?
False
Let w(t) = 4*t**2 - 8*t + 12. Let g be w(2). Let a(d) = 2*d**3 - 11*d**2 + 11*d - 1. Is a(g) prime?
True
Suppose -7*k + 2*i + 1368 = -2*k, -k + 2*i + 272 = 0. Suppose -4*j + 1005 + 2175 = 0. Let o = j - k. Is o a composite number?
False
Suppose -4*i + i - 277 = -5*t, 4*t = i + 223. Let q = -103 - -169. Let n = q + t. Is n prime?
False
Suppose 5*y + 340 = -5*j, 0*j = -4*y - 3*j - 270. Let k = y + 80. Suppose k*d = 19*d - 3725. Is d prime?
False
Suppose 2*o - 9 = -o. Suppose -3*a = -0*a - 4*j + 4995, 0 = 3*a + o*j + 5016. Let v = a - -2622. Is v prime?
True
Let k be (-1)/(-2) + 15/6 - 1. Let j be (-4)/(-10)*(-18745)/(-4)*k. Suppose 4*a + 4987 = 4*g + a, 3*g - 4*a - j = 0. Is g a prime number?
False
Let n be -8 - -5 - 3/((-3)/4). Is 637/14 - 6 - n/2 prime?
False
Is 11/((-66)/(-9491976)) + 8 + -3 a composite number?
False
Let c(p) be the first derivative of 3*p**2 + 47/3*p**3 + 21 + 3*p. Is c(-2) a prime number?
True
Let v(l) = 24*l**2 + 217*l + 254. Is v(57) a composite number?
False
Is (-57 + 66)*(-869662)/(-18) a composite number?
False
Let c = 14982 + -7155. Suppose 5*x - c = -2*l, 3*l = 2*x + 368 - 3514. Is x composite?
False
Let i(t) = 352*t**3 + 3*t**2 - 33*t - 2. Let c be i(5). Let v = 63365 - c. Is v prime?
True
Let q = -63 + 43. Let z = 23 + q. Suppose -s = -z*a + 35, -a + 10 = -3*s - 7. Is a a composite number?
False
Let f(o) be the first derivative of 11*o**3/3 + 25*o**2/2 + 13*o - 52. Is f(-11) a composite number?
False
Let p(n) = 4223*n - 261. Let m be p(6). Suppose -i + 295 = -4*d - 4714, -4*d - m = -5*i. Is i a prime number?
False
Let j(w) = -w**2 - 332*w + 18160. Is j(-199) a prime number?
False
Let o = -163040 - -340011. Is o composite?
True
Let x(l) be the second derivative of 134*l**3/3 - 5*l**2/2 - 4*l - 6. Is x(3) a prime number?
False
Suppose 0 = -3*j + 3*v, 0*j + 2 = 4*j - 3*v. Let t be ((-2)/j)/((-2)/6). Suppose 2*u + t = 109. Is u a prime number?
True
Let y be (-6127)/(-7) - (-16)/(-56). Let o = 1714 + y. Is o composite?
True
Let n = 137 + -116. Suppose -18*o = -5*c - n*o + 17702, c + o = 3540. Is c prime?
True
Suppose 0 = 9839*v - 9824*v - 249675. Is v a prime number?
False
Suppose 3*i - 14 = 3*f - 2*f, 4*f + 24 = 4*i. Suppose i*o = -5*c + 20429 + 1194, 2*o + 4333 = c. Is c a composite number?
False
Let u(d) = -50*d**2 + 18*d + 4. Let l be u(14). Let h = -4625 - l. Is h composite?
False
Let v(b) = 63*b - 23*b - 33*b - 14 + 11*b**2. Is v(-13) composite?
True
Suppose -1171 = -5*l + 1739. Let k = 239 - -183. Suppose 2*u - l = k. Is u composite?
True
Let y(p) = 24*p**2 - 14*p - 9. Let j = -49 - -80. Suppose 5*f - 24 - j = 0. Is y(f) composite?
False
Let z = -90409 - -479112. Is z a composite number?
True
Let f(u) = 219*u + 6. Let c be f(6). Let l(y) = 3*y**3 + 3*y**2 + 22*y - 21. Let w be l(8). Let j = w - c. Is j composite?
False
Let l = 603821 + -299844. Is l a prime number?
False
Suppose -2*d + 5 = -1. Suppose 3*l + 2*y = 3*y + 4316, 3*y - d = 0. Is l composite?
False
Suppose -32*c + 40*c = 544136. Is c composite?
True
Let b = 340572 + 426781. Is b a prime number?
False
Let k(w) = 2*w - 8. Let o be k(4). Suppose -3*n = 3*a, -3*a = -o*n + 4*n - 3. Suppose -n*f + 1831 - 136 = 0. Is f a prime number?
False
Let y = 181 + -157. Suppose y*h = 3*h + 1407. Is h a composite number?
False
Let w = -375 + 369. Is (656/(-40))/(w/795) composite?
True
Let z = 1232 - 772. Suppose x - 9569 + z = a, 0 = x - 5*a - 9093. Is x prime?
False
Suppose -3*n + 3*i + 2*i + 579862 = 0, 2*i = -n + 193269. Is n a composite number?
True
Let q(u) = -9*u + 157. Let v be q(18). Is 877 + -3 + v + 2 composite?
True
Let k(q) = -3*q + 11*q + 3*q**2 - 6*q - 5*q + 1157*q**3. Is k(1) a composite number?
True
Let v(c) = 8*c**3 - 15*c**2 + 33*c - 92. Let o(f) = 3*f**3 - 5*f**2 + 11*f - 31. Let s(p) = -11*o(p) + 4*v(p). Is s(-8) composite?
True
Is 900140 + (21 + -18)*2/(-6) prime?
True
Let j = -200 + 198. Is j*5/50*-9865 a composite number?
False
Let q(j) = 4132*j**2 - 322*j + 5 + 148*j + 158*j. Is q(2) prime?
False
Let s(x) = 569*x**3 - 6*x**2 - 22*x + 61. Is s(4) a prime number?
True
Let z be 3*68/(-48) + 6/(-8). Let x(f) = 103*f**2 - 31*f - 1. Is x(z) composite?
False
Let x = 120 - -38. Suppose -2*q - 4*w + 2826 = 0, 5*w + 1890 = 3*q - 2338. Suppose -q = -l - x. Is l prime?
False
Let r(v) = 26*v + 12. Let q(i) = -9*i - 4. Let t(j) = 17*q(j) + 6*r(j). Let b be t(-4). Let g(w) = -24*w - 35. Is g(b) composite?
False
Let w = 613 - 63. Let t = w - 862. Let l = t - -515. Is l a composite number?
True
Let x(o) = 1646*o**2 - 4*o + 33. Let g(w) = 549*w**2 - w + 11. Let v(z) = -7*g(z) + 2*x(z). Let b(u) = 1. Let n(r) = -6*b(r) - v(r). Is n(3) composite?
False
Suppose -u = 4*u. Suppose -4*r - 4*t + 1100 = u, r - 2*t = 243 + 38. Suppose r = -m + 830. Is m composite?
True
Let x = 78 + -79. Let u be -4 + 4 + 3 + x. Is ((-17)/u)/(((-1)/(-74))/(-1)) prime?
False
Let y = 315 - 315. Suppose -5803 = -o - 4*n, y = 16*o - 14*o + 4*n - 11594. Is o a prime number?
True
Suppose -2*f - 5*q + 1 = 0, -3*f = 2*q - 6*q - 13. Suppose -23 = -2*w - f*w + 3*p, p - 7 = -2*w. Suppose w*a + 114 = 430. Is a a composite number?
False
Let h(g) = -1508*g + 3. Suppose 3*i = 5*q - 1, 8*q + 4 = 6*q - i. Is h(q) prime?
True
Suppose -6*r - 7 = -61. Suppose r*f = 10*f - 5. Let t(u) = 179*u - 6. Is t(f) prime?
False
Suppose 0 = 23*c - 1178798 - 205457. Is c prime?
False
Let v = 27 + -37. Let q(h) = -h**2 - 7*h + 20. Let i be q(v). Is ((-2506)/35)/(4/i) a prime number?
True
Suppose -6*u = -16*u + 33450. Let t be 5*(-1)/(-2)*2. Suppose t*k - 5*v - u = 0, -3*v + 975 + 1032 = 3*k. Is k composite?
True
Suppose -3*q + u = -290791, 4*q + 3*u = -u + 387732. Suppose 5*j = -4*x + 77555, -5*x + 7*j - 9*j = -q. Is x a prime number?
False
Let q be 3*-1 + (-15)/(-20)*8. Let d be q/(849/210 - 4). Suppose -4*z = -30 - d. Is z a composite number?
True
Is (44/12)/(-1 - 29952/(-29943)) prime?
False
Let a be 1/2 + (-404)/8*-9. Let c = -169 - -308. Suppose -4*s = c - a. Is s prime?
True
Let x(u) = -6*u**3 + 41*u**2 + 21*u + 2955. Is x(-44) a prime number?
False
Let d be 2 + 0 + (-12 - -8). Is -14*(d + 3)*(-130)/20 composite?
True
Is 4424368/8 - ((-210)/28)/((-12)/(-8)) a prime number?
True
Suppose 0 = -8*w - 5*z + 6*z + 419, -4*w - 3*z = -227. Suppose -w*r + 32831 = -41846. Is r composite?
False
Suppose 4 - 20 = -4*h. Let a be h*1 + (-405)/(-5). Is 51/a + 13964/10 composite?
True
Let d(w) = -875*w + 849. Is d(-74) prime?
True
Let n(b) = b**3 - 7*b**2 - 64*b - 579. Is n(53) a prime number?
True
Let f = 60246 - -3691. Is f a prime number?
False
Let j = 77145 - -49706. Is j prime?
True
Let d = -245316 + 439271. Is d a composite number?
True
Let y be (-4)/10 + 26/65. Suppose -5*l + 9677 + 7818 = y. Is l prime?
True
Let u be ((-5)/2 - -2)*(5 + -5). Suppose -v + 9*v - 4800 = u. Suppose 5*t + y = v, -4*y = 4*t - 447 - 49. Is t composite?
True
Suppose -23*s = -13020 - 1378. Is s*(2*2 - (-51)/(-17)) a composite number?
True
Let b = 152722 + 7419. Is b prime?
True
Suppose 12128490 = 175*o - 12954085. Is o a prime number?
True
Let y(t) = -t**2 - 3*t - 3. Let p be y(-2). Let n(i) = -1760*i**3 + 3*i + 2. Is n(p) composite?
False
Suppose 5*x + 31285 = -3*t, 4*x = x - 3*t - 18777. Let w = x + 8885. Is w a prime number?
False
Let u = -309 - -324. Is 1*42468/u + 10/(-50) prime?
False
Let n be 12/2 + -3 - -1. Let j(s) = -75*s**3 - s**2 - 6*s - 3. Let r(x) = -37*x**3 - 3*x - 1. Let h(l) = 6*j(l) - 13*r(l). Is h(n) a composite number?
True
Let h = -58 - -36. Let s be 39266/h + 4/(-22). Let i = -1250 - s. Is i composite?
True
Let j(n) = n**3 - 5*n**2 + n - 11. Let y be j(5). Let b(h) = 4*h**2 + 8*h + 10. Let f be b(y). Suppose 7*o - f = 349. Is o a prime number?
False
Suppose -5776139 = -12*j - 1094327. Is j a prime number?
True
Let r be ((-22)/(-55))/((-3)/15). Is r*((-4)/26 + (-9251)/286) prime?
False
Let j(b) be the first derivative of -139*b**2/2 + 34*b - 5. Is j(-9) a prime number?
False
Suppose -390*j = -383*j - 189. Let r(a) = 24*a**2 - 27*a - 52. Is r(j) a prime number?
False
Suppo